{"id":651,"date":"2025-11-27T17:36:49","date_gmt":"2025-11-27T16:36:49","guid":{"rendered":"https:\/\/fundacjaanimalsi.pl\/?post_type=product&#038;p=651"},"modified":"2026-01-19T22:06:52","modified_gmt":"2026-01-19T21:06:52","slug":"651","status":"publish","type":"product","link":"https:\/\/fundacjaanimalsi.pl\/?product=651","title":{"rendered":"KOCI KALENDARZ CHARYTATYWNY 2026"},"content":{"rendered":"<p>KOCI KALENDARZ CHARYTATYWNY 2024 ! Koty zaj\u0119\u0142y nale\u017cne im miejsce i ciesz\u0105 si\u0119 indywidualnym kalendarzem, a nie jak poprzednimi laty na doczepk\u0119 do Psiego kalendarza. Koty s\u0105 zwierz\u0119tami Wolno\u015bci, wobec czego wiele z nich \u017ale si\u0119 czuje w schroniskach, spada im odporno\u015b\u0107, choruj\u0105. Mamy nadziej\u0119, \u017ce poprzez propagowanie KOT\u00d3W, mi\u0119dzy innymi poprzez ten Kalendarz wp\u0142yniemy na ich lepszy los i odnalezienie tego w\u0142a\u015bciwego domu&#8230;Format kalendarza 297mmx420mm (A3)..<\/p>\n","protected":false},"excerpt":{"rendered":"<p>KOCI KALENDARZ CHARYTATYWNY 2024 ! Koty zaj\u0119\u0142y nale\u017cne im miejsce i ciesz\u0105 si\u0119 indywidualnym kalendarzem, a nie jak poprzednimi laty na doczepk\u0119 do Psiego kalendarza. Koty s\u0105 zwierz\u0119tami Wolno\u015bci, wobec czego wiele z nich \u017ale si\u0119 czuje w schroniskach, spada im odporno\u015b\u0107, choruj\u0105. Mamy nadziej\u0119, \u017ce poprzez propagowanie KOT\u00d3W, mi\u0119dzy innymi poprzez ten Kalendarz wp\u0142yniemy na ich lepszy los i odnalezienie tego w\u0142a\u015bciwego domu&#8230;Format kalendarza 297mmx420mm (A3)..<\/p>\n","protected":false},"featured_media":655,"comment_status":"open","ping_status":"closed","template":"","meta":[],"product_brand":[],"product_cat":[18],"product_tag":[],"class_list":{"0":"post-651","1":"product","2":"type-product","3":"status-publish","4":"has-post-thumbnail","6":"product_cat-kalendarze","8":"first","9":"instock","10":"taxable","11":"shipping-taxable","12":"purchasable","13":"product-type-simple"},"_links":{"self":[{"href":"https:\/\/fundacjaanimalsi.pl\/index.php?rest_route=\/wp\/v2\/product\/651","targetHints":{"allow":["GET"]}}],"collection":[{"href":"https:\/\/fundacjaanimalsi.pl\/index.php?rest_route=\/wp\/v2\/product"}],"about":[{"href":"https:\/\/fundacjaanimalsi.pl\/index.php?rest_route=\/wp\/v2\/types\/product"}],"replies":[{"embeddable":true,"href":"https:\/\/fundacjaanimalsi.pl\/index.php?rest_route=%2Fwp%2Fv2%2Fcomments&post=651"}],"wp:featuredmedia":[{"embeddable":true,"href":"https:\/\/fundacjaanimalsi.pl\/index.php?rest_route=\/wp\/v2\/media\/655"}],"wp:attachment":[{"href":"https:\/\/fundacjaanimalsi.pl\/index.php?rest_route=%2Fwp%2Fv2%2Fmedia&parent=651"}],"wp:term":[{"taxonomy":"product_brand","embeddable":true,"href":"https:\/\/fundacjaanimalsi.pl\/index.php?rest_route=%2Fwp%2Fv2%2Fproduct_brand&post=651"},{"taxonomy":"product_cat","embeddable":true,"href":"https:\/\/fundacjaanimalsi.pl\/index.php?rest_route=%2Fwp%2Fv2%2Fproduct_cat&post=651"},{"taxonomy":"product_tag","embeddable":true,"href":"https:\/\/fundacjaanimalsi.pl\/index.php?rest_route=%2Fwp%2Fv2%2Fproduct_tag&post=651"}],"curies":[{"name":"wp","href":"https:\/\/api.w.org\/{rel}","templated":true}]}}